{"id":47,"date":"2024-11-23T18:54:59","date_gmt":"2024-11-23T18:54:59","guid":{"rendered":"https:\/\/gruene-gernsheim.de\/?page_id=47"},"modified":"2025-01-22T11:58:00","modified_gmt":"2025-01-22T11:58:00","slug":"mitglied-werden","status":"publish","type":"page","link":"https:\/\/gruene-gernsheim.de\/?page_id=47","title":{"rendered":"Mitglied werden"},"content":{"rendered":"\n<p><a href=\"https:\/\/www.gruene.de\/mitglied-werden\" data-type=\"link\" data-id=\"https:\/\/www.gruene.de\/mitglied-werden\" target=\"_blank\" rel=\"noreferrer noopener\">Hier<\/a> kannst Du direkt Mitglied werden.<\/p>\n\n\n\n<p>Wenn Du das Formular nicht benutzen m\u00f6chtest, kannst Du den\u00a0 <a href=\"https:\/\/cms.gruene.de\/uploads\/images\/20240110_Aufnahmeantrag_Parteimitglied_DINA4_digital-1.pdf\" target=\"_blank\" rel=\"noreferrer noopener\">Aufnahmeantrag (PDF)<\/a> auch direkt ausf\u00fcllen, ausdrucken und per Post in die Bundesgesch\u00e4ftsstelle schicken.<\/p>\n\n\n\n<p>\u00dcbrigens: Du kannst auch <a href=\"https:\/\/www.gruene.de\/aktionen\/foerdermitgliedschaft\" target=\"_blank\" rel=\"noreferrer noopener\">F\u00f6rdermitglied bei B\u00dcNDNIS 90\/DIE GR\u00dcNEN<\/a> (<a href=\"https:\/\/cms.gruene.de\/uploads\/assets\/F%C3%B6rdermitglied-Formular_Beschreibbar.pdf\" target=\"_blank\" rel=\"noreferrer noopener\">PDF-Download<\/a>) werden.<\/p>\n\n\n\n<p><\/p>\n","protected":false},"excerpt":{"rendered":"<p>Hier kannst Du direkt Mitglied werden. Wenn Du das Formular nicht benutzen m\u00f6chtest, kannst Du den\u00a0 Aufnahmeantrag (PDF) auch direkt ausf\u00fcllen, ausdrucken und per Post in die Bundesgesch\u00e4ftsstelle schicken. \u00dcbrigens:&#8230; <\/p>\n","protected":false},"author":4,"featured_media":0,"parent":44,"menu_order":0,"comment_status":"closed","ping_status":"closed","template":"","meta":{"footnotes":""},"class_list":["post-47","page","type-page","status-publish","hentry"],"_links":{"self":[{"href":"https:\/\/gruene-gernsheim.de\/index.php?rest_route=\/wp\/v2\/pages\/47","targetHints":{"allow":["GET"]}}],"collection":[{"href":"https:\/\/gruene-gernsheim.de\/index.php?rest_route=\/wp\/v2\/pages"}],"about":[{"href":"https:\/\/gruene-gernsheim.de\/index.php?rest_route=\/wp\/v2\/types\/page"}],"author":[{"embeddable":true,"href":"https:\/\/gruene-gernsheim.de\/index.php?rest_route=\/wp\/v2\/users\/4"}],"replies":[{"embeddable":true,"href":"https:\/\/gruene-gernsheim.de\/index.php?rest_route=%2Fwp%2Fv2%2Fcomments&post=47"}],"version-history":[{"count":6,"href":"https:\/\/gruene-gernsheim.de\/index.php?rest_route=\/wp\/v2\/pages\/47\/revisions"}],"predecessor-version":[{"id":85,"href":"https:\/\/gruene-gernsheim.de\/index.php?rest_route=\/wp\/v2\/pages\/47\/revisions\/85"}],"up":[{"embeddable":true,"href":"https:\/\/gruene-gernsheim.de\/index.php?rest_route=\/wp\/v2\/pages\/44"}],"wp:attachment":[{"href":"https:\/\/gruene-gernsheim.de\/index.php?rest_route=%2Fwp%2Fv2%2Fmedia&parent=47"}],"curies":[{"name":"wp","href":"https:\/\/api.w.org\/{rel}","templated":true}]}}

<p><a href="https://www.gruene.de/mitglied-werden" data-type="link" data-id="https://www.gruene.de/mitglied-werden" target="_blank" rel="noreferrer noopener">Hier</a> kannst Du direkt Mitglied werden.</p>



<p>Wenn Du das Formular nicht benutzen möchtest, kannst Du den  <a href="https://cms.gruene.de/uploads/images/20240110_Aufnahmeantrag_Parteimitglied_DINA4_digital-1.pdf" target="_blank" rel="noreferrer noopener">Aufnahmeantrag (PDF)</a> auch direkt ausfüllen, ausdrucken und per Post in die Bundesgeschäftsstelle schicken.</p>



<p>Übrigens: Du kannst auch <a href="https://www.gruene.de/aktionen/foerdermitgliedschaft" target="_blank" rel="noreferrer noopener">Fördermitglied bei BÜNDNIS 90/DIE GRÜNEN</a> (<a href="https://cms.gruene.de/uploads/assets/F%C3%B6rdermitglied-Formular_Beschreibbar.pdf" target="_blank" rel="noreferrer noopener">PDF-Download</a>) werden.</p>



<p></p>

<p>Hier kannst Du direkt Mitglied werden. Wenn Du das Formular nicht benutzen möchtest, kannst Du den  Aufnahmeantrag (PDF) auch direkt ausfüllen, ausdrucken und per Post in die Bundesgeschäftsstelle schicken. Übrigens:&#8230; </p>
