{"id":40,"date":"2024-11-23T18:45:02","date_gmt":"2024-11-23T18:45:02","guid":{"rendered":"https:\/\/gruene-gernsheim.de\/?page_id=40"},"modified":"2026-01-19T13:48:55","modified_gmt":"2026-01-19T13:48:55","slug":"vorstand","status":"publish","type":"page","link":"https:\/\/gruene-gernsheim.de\/?page_id=40","title":{"rendered":"Vorstand"},"content":{"rendered":"\n<p>Der Vorstand der Gernsheimer Gr\u00fcnen wird f\u00fcr zwei Jahre von den Mitgliedern der Gernsheimer Gr\u00fcnen gew\u00e4hlt.<\/p>\n\n\n\n<h2 class=\"wp-block-heading\">Vorstandssprecher<\/h2>\n\n\n\n<figure class=\"wp-block-image size-full is-resized\"><img loading=\"lazy\" decoding=\"async\" width=\"588\" height=\"588\" src=\"https:\/\/gruene-gernsheim.de\/wp-content\/uploads\/2025\/01\/IMG-20250119-WA0013.jpg\" alt=\"\" class=\"wp-image-68\" style=\"width:150px\" srcset=\"https:\/\/gruene-gernsheim.de\/wp-content\/uploads\/2025\/01\/IMG-20250119-WA0013.jpg 588w, https:\/\/gruene-gernsheim.de\/wp-content\/uploads\/2025\/01\/IMG-20250119-WA0013-400x400.jpg 400w, https:\/\/gruene-gernsheim.de\/wp-content\/uploads\/2025\/01\/IMG-20250119-WA0013-150x150.jpg 150w\" sizes=\"auto, (max-width: 588px) 100vw, 588px\" \/><\/figure>\n\n\n\n<p><strong>Marco Piscopia<\/strong><\/p>\n\n\n\n<p>marco@gruene-gernsheim.de<\/p>\n\n\n\n<hr class=\"wp-block-separator has-alpha-channel-opacity\"\/>\n\n\n\n<h2 class=\"wp-block-heading\">Vorstand<\/h2>\n\n\n\n<figure class=\"wp-block-image size-full is-resized\"><img loading=\"lazy\" decoding=\"async\" width=\"308\" height=\"332\" src=\"https:\/\/gruene-gernsheim.de\/wp-content\/uploads\/2026\/01\/image-2.png\" alt=\"\" class=\"wp-image-288\" style=\"aspect-ratio:0.927766732935719;object-fit:cover;width:150px\" srcset=\"https:\/\/gruene-gernsheim.de\/wp-content\/uploads\/2026\/01\/image-2.png 308w, https:\/\/gruene-gernsheim.de\/wp-content\/uploads\/2026\/01\/image-2-139x150.png 139w\" sizes=\"auto, (max-width: 308px) 100vw, 308px\" \/><\/figure>\n\n\n\n<p><strong>Miriam Young<\/strong><\/p>\n\n\n\n<hr class=\"wp-block-separator has-alpha-channel-opacity\"\/>\n\n\n\n<h2 class=\"wp-block-heading\">Vorstand \/ Kassenwart<\/h2>\n\n\n\n<figure class=\"wp-block-image size-full is-resized\"><img loading=\"lazy\" decoding=\"async\" width=\"221\" height=\"331\" src=\"https:\/\/gruene-gernsheim.de\/wp-content\/uploads\/2026\/01\/image-3.png\" alt=\"\" class=\"wp-image-295\" style=\"width:150px\" srcset=\"https:\/\/gruene-gernsheim.de\/wp-content\/uploads\/2026\/01\/image-3.png 221w, https:\/\/gruene-gernsheim.de\/wp-content\/uploads\/2026\/01\/image-3-100x150.png 100w\" sizes=\"auto, (max-width: 221px) 100vw, 221px\" \/><\/figure>\n\n\n\n<p><strong>Elke Saltzer<\/strong><\/p>\n","protected":false},"excerpt":{"rendered":"<p>Der Vorstand der Gernsheimer Gr\u00fcnen wird f\u00fcr zwei Jahre von den Mitgliedern der Gernsheimer Gr\u00fcnen gew\u00e4hlt. Vorstandssprecher Marco Piscopia marco@gruene-gernsheim.de Vorstand Miriam Young Vorstand \/ Kassenwart Elke Saltzer<\/p>\n","protected":false},"author":4,"featured_media":0,"parent":15,"menu_order":0,"comment_status":"closed","ping_status":"closed","template":"","meta":{"footnotes":""},"class_list":["post-40","page","type-page","status-publish","hentry"],"_links":{"self":[{"href":"https:\/\/gruene-gernsheim.de\/index.php?rest_route=\/wp\/v2\/pages\/40","targetHints":{"allow":["GET"]}}],"collection":[{"href":"https:\/\/gruene-gernsheim.de\/index.php?rest_route=\/wp\/v2\/pages"}],"about":[{"href":"https:\/\/gruene-gernsheim.de\/index.php?rest_route=\/wp\/v2\/types\/page"}],"author":[{"embeddable":true,"href":"https:\/\/gruene-gernsheim.de\/index.php?rest_route=\/wp\/v2\/users\/4"}],"replies":[{"embeddable":true,"href":"https:\/\/gruene-gernsheim.de\/index.php?rest_route=%2Fwp%2Fv2%2Fcomments&post=40"}],"version-history":[{"count":10,"href":"https:\/\/gruene-gernsheim.de\/index.php?rest_route=\/wp\/v2\/pages\/40\/revisions"}],"predecessor-version":[{"id":296,"href":"https:\/\/gruene-gernsheim.de\/index.php?rest_route=\/wp\/v2\/pages\/40\/revisions\/296"}],"up":[{"embeddable":true,"href":"https:\/\/gruene-gernsheim.de\/index.php?rest_route=\/wp\/v2\/pages\/15"}],"wp:attachment":[{"href":"https:\/\/gruene-gernsheim.de\/index.php?rest_route=%2Fwp%2Fv2%2Fmedia&parent=40"}],"curies":[{"name":"wp","href":"https:\/\/api.w.org\/{rel}","templated":true}]}}